ermine k(-137).
34
Let s(d) = 757*d - 5760. Determine s(8).
296
Let u(r) = 726*r + 97152. Give u(-134).
-132
Let c(m) = 2108*m + 53350. What is c(-26)?
-1458
Let k(z) = -519*z**2 + 1030*z + 9. What is k(2)?
-7
Let v(w) = w**3 - 64*w**2 + 190*w - 4081. What is v(62)?
11
Let z(p) = -4*p**3 - 184*p**2 + 589*p - 29. What is z(-49)?
-78
Let c(u) = -1165*u + 38272. Give c(33).
-173
Let s(y) = -10452*y + 6958. Calculate s(1).
-3494
Let y(i) = -110481*i + 994347. Give y(9).
18
Let n(v) = 15*v**3 - 222*v**2 + 173*v - 151. Give n(14).
-81
Let d(i) = -547*i - 21341. Give d(-38).
-555
Let j(w) = 2*w**3 + 149*w**2 + 255*w + 13393. What is j(-74)?
-1
Let f(o) = -o**3 + 15*o**2 - 35*o. Determine f(11).
99
Let q(m) = -2*m**2 - 11489*m + 22983. What is q(2)?
-3
Let f(a) = a**3 - 2*a**2 - 253*a + 1229. Give f(5).
39
Let h(u) = -u**2 + 82049*u - 1886691. What is h(23)?
-93
Let c(l) = 4762*l - 23731. What is c(5)?
79
Let w(r) = -566*r**3 - 33*r**2 + 47*r - 6. Calculate w(1).
-558
Let x(n) = 9*n**3 - 207*n**2 - 201*n + 13. Give x(-1).
-2
Let b(y) = -4*y**3 - 60*y**2 - 28*y - 150. Determine b(-16).
1322
Let r(m) = 10011*m + 160184. Give r(-16).
8
Let u(o) = o**3 + 31*o**2 - 80*o - 221. Calculate u(-34).
-969
Let q(c) = -41*c**2 + 2385*c + 1038. What is q(59)?
-968
Let r(w) = -w**2 + 797*w - 31037. Calculate r(41).
-41
Let i(b) = 21754*b + 500385. Determine i(-23).
43
Let i(m) = m**2 + 357760*m + 9. Determine i(0).
9
Let g(h) = 68*h**2 + 1353*h - 1535. Give g(-21).
40
Let i(n) = 18*n**2 + 162*n - 3400. Calculate i(-19).
20
Let t(p) = -p**2 + 45*p + 1747. What is t(66)?
361
Let m(z) = -z**3 + 35*z**2 + 1122*z + 428. Determine m(-20).
-12
Let v(d) = 13*d**3 - 6*d**2 - 403*d + 812. What is v(2)?
86
Let x(l) = -3*l**3 - 57*l**2 + 835*l - 1492. Give x(8).
4
Let v(l) = l**3 - 666*l**2 + 7193*l + 7865. What is v(655)?
5
Let m(u) = -7564*u - 84517. Determine m(-12).
6251
Let k(d) = -4*d**3 + 198*d**2 + 100*d - 110. What is k(50)?
-110
Let p(s) = -8*s**2 - 730*s - 6078. What is p(-82)?
-10
Let l(w) = 2*w**3 + 63*w**2 + 144*w - 215. Determine l(-29).
-186
Let j(t) = -90284*t + 24. Calculate j(0).
24
Let z(t) = t**3 + 21*t**2 - 335*t + 1090. Determine z(6).
52
Let s(j) = 5*j**3 - 6*j**2 + 5314*j - 31899. Determine s(6).
849
Let t(v) = 2*v**3 + 71*v**2 + 376*v + 9363. What is t(-34)?
47
Let x(i) = i**3 + 6*i**2 - 349*i + 2134. Give x(7).
328
Let g(w) = -w**3 - 172*w**2 + 240*w + 11991. Calculate g(-173).
400
Let r(z) = 586*z - 107061. Calculate r(182).
-409
Let k(r) = -r**3 - 96*r**2 - 163*r + 1830. What is k(-94)?
-520
Let n(u) = -5*u**3 - 66*u**2 + 23*u + 499. Determine n(-13).
31
Let i(p) = p**2 - 126*p + 2460. Calculate i(29).
-353
Let g(v) = v**2 + 2182*v - 242522. Determine g(106).
6
Let f(h) = -6322*h - 398. What is f(0)?
-398
Let l(v) = -24*v**3 - 640*v**2 + 35440*v + 869. What is l(-54)?
5
Let o(c) = -576*c - 638. Calculate o(-1).
-62
Let q(w) = 2175*w - 25961. Determine q(12).
139
Let u(i) = -1126*i + 106972. Determine u(95).
2
Let v(d) = -3*d**3 - 85*d**2 + 41*d - 436. Determine v(-29).
57
Let x(o) = -5*o**3 + 3490*o**2 + 7000*o - 9. What is x(700)?
-9
Let i(u) = -61*u + 6609. What is i(109)?
-40
Let p(s) = -12*s**2 - 870*s - 10621. Give p(-57).
-19
Let h(k) = -14*k**2 - 405*k - 361. Calculate h(-28).
3
Let o(u) = 172*u + 12391. Determine o(-64).
1383
Let v(n) = 11*n**3 + 14*n**2 - 78*n - 315. What is v(-5)?
-950
Let k(t) = -7*t**2 + 1551*t - 39728. Give k(192).
16
Let i(p) = p**2 - 1586*p + 12768. Give i(8).
144
Let c(j) = -j**3 + 137*j**2 - 921*j + 1369. What is c(130)?
-61
Let i(p) = -25452*p + 610771. Determine i(24).
-77
Let j(u) = -u**2 - 570*u - 29018. Calculate j(-56).
-234
Let t(h) = -h**2 + 1492*h - 73087. Determine t(51).
404
Let r(d) = d**3 + 8*d**2 + 2728*d + 35615. Calculate r(-13).
-694
Let t(v) = v**2 - 70333*v + 210989. What is t(3)?
-1
Let c(n) = -22*n**2 + 377*n + 1471. What is c(-4)?
-389
Let g(s) = -27*s + 3778. Determine g(136).
106
Let g(a) = 9*a**2 - 1054*a - 1961. Determine g(119).
62
Let l(c) = 665*c**3 + 5*c**2 + 303*c + 298. What is l(-1)?
-665
Let p(u) = 128*u - 5881. Give p(45).
-121
Let l(y) = -1891*y - 24734. Calculate l(-13).
-151
Let z(w) = 337*w - 6754. Calculate z(20).
-14
Let c(a) = -76352*a + 534459. Determine c(7).
-5
Let o(d) = 13475*d + 3260960. Calculate o(-242).
10
Let n(v) = -v**2 - 129*v - 988. Calculate n(-9).
92
Let c(b) = 21*b**2 + 32*b - 305. Calculate c(-13).
2828
Let y(z) = -2*z**3 + 59*z**2 + 135*z + 217. Give y(32).
-583
Let c(u) = 66*u + 4657. What is c(-75)?
-293
Let g(c) = 92*c**3 + c**2 + 3*c + 4. What is g(2)?
750
Let b(r) = 2716369*r + 8149110. Determine b(-3).
3
Let f(m) = 3407*m + 67667. What is f(-20)?
-473
Let n(g) = 5*g**2 - 24458*g + 73385. Calculate n(3).
56
Let v(y) = 57*y**3 - 98*y + 99. Determine v(1).
58
Let g(s) = 2*s**3 - 18*s**2 - 390*s + 89. Determine g(-10).
189
Let l(h) = -h**2 - 4271*h + 33. What is l(0)?
33
Let d(c) = -c**3 - 16*c**2 - 713*c - 13493. Determine d(-18).
-11
Let h(i) = 23*i**2 - 32*i - 304. What is h(-12)?
3392
Let m(l) = 2*l**3 + 27*l**2 + 85*l + 632. Give m(-12).
44
Let c(k) = 3212*k + 17675. Determine c(-6).
-1597
Let s(n) = 277*n - 73. Calculate s(0).
-73
Let a(c) = -c**3 + 3*c**2 + 1878*c - 383. Determine a(-42).
121
Let t(h) = 1398*h**2 + 1386*h - 11. What is t(-1)?
1
Let q(l) = -1010*l + 1952. Calculate q(1).
942
Let w(s) = -14*s**3 + 2262*s**2 + 975*s - 488. Calculate w(162).
-2
Let b(y) = -7*y**2 + 7254*y + 3140862. Determine b(1365).
-3
Let f(v) = -2913*v + 1666. Calculate f(1).
-1247
Let f(t) = 1034*t - 6024. Determine f(6).
180
Let s(c) = -1717*c + 44702. What is s(22)?
6928
Let x(g) = g**3 + 165*g**2 - 1808*g + 15. What is x(10)?
-565
Let i(m) = -m**3 + 133*m**2 - 793*m + 3927. Determine i(127).
-10
Let r(v) = 22876*v + 68612. Determine r(-3).
-16
Let a(h) = -4*h**3 - 365*h**2 + 207*h + 27147. Determine a(-91).
29
Let d(v) = -8*v**2 + 309*v - 982. Calculate d(35).
33
Let x(c) = -933*c**2 - 47568*c + 746. Give x(-51).
-19
Let c(t) = -10*t**3 + 12*t**2 + 110*t + 217. Give c(-2).
125
Let k(d) = 1181*d + 10120. Calculate k(-6).
3034
Let k(x) = -6706*x + 228005. Calculate k(34).
1
Let n(g) = -178*g**2 - 2751*g - 11020. Calculate n(-4).
-2864
Let i(r) = r**3 - 234*r**2 + 13501*r - 1066. What is i(131)?
-18
Let p(r) = 88*r**3 + 5*r**2 + 180*r + 173. Calculate p(-1).
-90
Let l(u) = -152*u**2 + 43*u + 160. Determine l(3).
-1079
Let b(n) = 15*n**2 + 578*n - 1739. Determine b(-41).
-222
Let r(s) = 2*s**2 - 243*s + 6728. Determine r(79).
13
Let n(s) = 7*s**2 + 91376*s - 91378. Determine n(1).
5
Let a(x) = -3*x**2 - 9408*x + 2247173. Calculate a(-3359).
2
Let f(k) = k**3 + 122*k**2 - 532*k - 3673. Give f(-126).
-145
Let h(u) = 4898*u - 24573. What is h(5)?
-83
Let m(w) = w**3 + 2062*w**2 - 12383*w - 226. Give m(6).
-76
Let t(c) = 808*c + 188. Give t(-1).
-620
Let t(v) = -16813*v + 252288. What is t(15)?
93
Let p(l) = 31102*l + 93610. Determine p(-3).
304
Let r(c) = -42635*c + 128015. Determine r(3).
110
Let x(c) = 4*c**2 - 11*c - 518. Calculate x(17).
451
Let k(r) = 7394*r + 20145. What is k(-3)?
-2037
Let o(a) = -1517*a - 4320. Calculate o(-3).
231
Let x(j) = 2*j**2 - 545*j - 4922. Determine x(-9).
145
Let l(d) = -d**2 + 128150*d - 1281406. Determine l(10).
-6
Let b(v) = 3138*v**2 + 160035*v - 87. Give b(-51).
66
Let u(p) = 7*p**2 + 187*p - 3299. Calculate u(19).
2781
Let r(s) = 32*s**2 - 1496*s - 338. Determine r(45).
-2858
Let r(h) = -10*h**3 + 200*h**2 + 46*h - 786. Determine r(20).
134
Let a(h) = -8031*h + 104393. What is a(13)?
-10
Let d(t) = -t**3 - 111*t**2 - 433*t - 35518. Calculate d(-110).
12
Let g(x) = -2834*x - 705568. Determine g(-249).
98
Let w(v) = 3*v**3 - 84*v**2 - 842*v + 58. Calculate w(-8).
-118
Let u(a) = -8*a**3 - 10*a**2 + 45*a - 183. Calculate u(5).
-1208
Let a(h) = h**2 - 32*h - 162. What is a(-4)?
-18
Let s(h) = -38*h**2 - 1073*h - 7256. What is s(-17)?
3
Let p(z) = 8*z**2 + 558*z + 414. What is p(-69)?
0
Let y(h) = 39*h**2 - 17868*h + 2816. Determine y(458).
68
Let y(m) = 3127*m - 15409. What is y(5)?
226
Let r(j) = -21262*j - 1573363. Calculate r(-74).
25
Let z(n) = -n**3 + 369*n**2 - 14289*n - 3615. Give z(325).
-40
Let g(a) = a**3 + 12*a**2 - 7876*a - 86715. Determine g(-11).
42
Let f(r) = r**2 - 3348*r + 2630885. Give f(1260).
5
Let g(c) = 